?
True
Is 216693595 composite?
True
Is 36660479 prime?
True
Is 6743843 prime?
True
Is 16056709 prime?
True
Is 49365401 prime?
False
Is 7821893 prime?
True
Is 811045 a prime number?
False
Is 2778967 a prime number?
True
Is 197264867 a composite number?
True
Is 14566691 a prime number?
True
Is 19149029 prime?
False
Is 3957653 a composite number?
True
Is 31660421 a prime number?
False
Is 1362877 a composite number?
True
Is 118653973 a prime number?
True
Is 4297863 prime?
False
Is 189308213 a composite number?
False
Is 53889281 a prime number?
True
Is 24652351 composite?
True
Is 2886971 a prime number?
True
Is 7271519 a composite number?
True
Is 1367921 a prime number?
True
Is 80737759 prime?
True
Is 45921359 a composite number?
True
Is 6562739 a composite number?
True
Is 7748177 a prime number?
True
Is 37138495 a composite number?
True
Is 2224771 a prime number?
False
Is 962581 a composite number?
True
Is 61554919 composite?
False
Is 120403653 composite?
True
Is 8117659 composite?
True
Is 1756631 prime?
False
Is 96401 a prime number?
True
Is 62573351 composite?
False
Is 39426289 a prime number?
False
Is 20370733 prime?
False
Is 863488843 a prime number?
False
Is 425574703 a prime number?
False
Is 1839169 a prime number?
True
Is 514331761 prime?
False
Is 899051 a prime number?
True
Is 81629 a prime number?
True
Is 30350981 a composite number?
False
Is 2747639 a composite number?
False
Is 5533771 a prime number?
False
Is 256493971 composite?
False
Is 230569615 a composite number?
True
Is 8268395 a composite number?
True
Is 443103083 prime?
False
Is 181075163 a composite number?
False
Is 404411 prime?
False
Is 48536143 a prime number?
True
Is 6146423 prime?
False
Is 3128857 prime?
False
Is 1319707 a prime number?
True
Is 90024689 composite?
False
Is 348364689 composite?
True
Is 58505831 composite?
False
Is 6560699 composite?
True
Is 5657989 a composite number?
False
Is 314539 a prime number?
False
Is 19361843 prime?
False
Is 81959851 a composite number?
True
Is 5365511 a prime number?
False
Is 6047497 composite?
False
Is 18590003 a prime number?
False
Is 73286789 prime?
True
Is 2605627 a prime number?
True
Is 2900813 a composite number?
False
Is 93882641 a prime number?
False
Is 55291127 a prime number?
True
Is 760343 prime?
True
Is 328883767 prime?
True
Is 386137 prime?
False
Is 11949991 a composite number?
True
Is 105815023 a prime number?
False
Is 8176222 prime?
False
Is 122745979 a prime number?
False
Is 5495159 a composite number?
False
Is 51243274 a composite number?
True
Is 55386467 composite?
False
Is 10103999 a composite number?
True
Is 207749 composite?
True
Is 68351893 a composite number?
False
Is 1107139 composite?
True
Is 2227913 a composite number?
False
Is 2251819 a prime number?
True
Is 534647 a prime number?
True
Is 15812767 a composite number?
True
Is 87044173 a prime number?
True
Is 8512621 composite?
True
Is 7386695 a composite number?
True
Is 21464539 a composite number?
False
Is 5070049 a composite number?
False
Is 9789431 a composite number?
False
Is 66207481 a composite number?
False
Is 286869841 prime?
True
Is 162249 a prime number?
False
Is 107011145 prime?
False
Is 6324371 prime?
True
Is 5871977 a composite number?
True
Is 70025313 prime?
False
Is 15592301 prime?
True
Is 779903 prime?
False
Is 3570937 prime?
False
Is 1360774 prime?
False
Is 228940077 composite?
True
Is 16104687 a prime number?
False
Is 23770631 composite?
False
Is 37612451 a prime number?
True
Is 851015479 a prime number?
False
Is 4842179 composite?
False
Is 4165321 composite?
True
Is 2179306 a prime number?
False
Is 4178441 a prime number?
False
Is 172980851 prime?
True
Is 379754 composite?
True
Is 5296169 prime?
True
Is 2818969037 a composite number?
False
Is 361297999 a composite number?
False
Is 41969927 composite?
False
Is 1320829 composite?
True
Is 4079561 a prime number?
False
Is 366861311 a prime number?
True
Is 889879 prime?
True
Is 34799531 prime?
False
Is 196009573 composite?
True
Is 4687233 prime?
False
Is 726911543 a composite number?
False
Is 10260059 prime?
True
Is 2455217 composite?
False
Is 20952883 prime?
False
Is 1907041 a prime number?
True
Is 4474031 composite?
False
Is 37488529 composite?
True
Is 71048697 prime?
False
Is 30872747 composite?
False
Is 177029 a prime number?
False
Is 3219467 prime?
False
Is 14058791 composite?
True
Is 10054223 a prime number?
True
Is 35638327 a composite number?
False
Is 46082291 a prime number?
False
Is 46339889 prime?
False
Is 2212057 a composite number?
True
Is 5103335 a composite number?
True
Is 637339609 a prime number?
False
Is 1264847 a composite number?
True
Is 42883343 composite?
False
Is 21893687 a prime number?
True
Is 13564961 a composite number?
False
Is 58782874 a prime number?
False
Is 466171 a prime number?
True
Is 50671 a prime number?
True
Is 2064973 a prime number?
False
Is 6755797 a composite number?
False
Is 13240103 composite?
False
Is 6894071 a composite number?
True
Is 16049767 a composite number?
False
Is 54632365 a prime number?
False
Is 32029927 a composite number?
True
Is 408335957 a prime number?
True
Is 1460567 prime?
True
Is 4633019 a prime number?
True
Is 147700711 prime?
True
Is 81794281 a composite number?
True
Is 77699935 a composite number?
True
Is 49227077 prime?
True
Is 17461417 prime?
True
Is 16974079 a prime number?
False
Is 71985209 a composite number?
False
Is 965711 a composite number?
False
Is 958207 prime?
False
Is 1707313 a composite number?
True
Is 26328581 a prime number?
True
Is 1039733 prime?
True
Is 267013 composite?
True
Is 134849383 a prime number?
True
Is 80817409 a prime number?
True
Is 10108169 prime?
False
Is 9987389 a prime number?
True
Is 1352121 a prime number?
False
Is 6730253 a composite number?
False
Is 5973059 a prime number?
False
Is 3675041 a prime number?
True
Is 1187149 a prime number?
False
Is 1276644217 a prime number?
True
Is 73362643 a prime number?
True
Is 194239 composite?
False
Is 5259367 a composite number?
True
Is 21977 a composite number?
False
Is 23041033 composite?
False
Is 76934663 composite?
True
Is 16168621 prime?
False
Is 73461331 a composite number?
False
Is 7927589 prime?
True
Is 347927 prime?
False
Is 1418611 a prime number?
True
Is 53518403 prime?
True
Is 109937221 composite?
False
Is 33176291 a prime number?
True
Is 79614965 prime?
False
Is 121907557 a prime number?
True
Is 2113607 a composite number?
True
Is 25176071 composite?
False
Is 16622309 composite?
True
Is 13666451 a prime number?
True
Is 133993121 composite?
False
Is 9159199 prime?
False
Is 230382323 a composite number?
True
Is 593365 a composite number?
True
Is 13236161 a prime number?
False
Is 28348271 composite?
True
Is 4041133 a composite number?
False
Is 389477 a prime number?
False
Is 9158573 prime?
False
Is 286681921 prime?
True
Is 361155673 a prime number?
False
Is 8158279 prime?
True
Is 3456107 composite?
False
Is 171751 a composite number?
True
Is 10272473 prime?
True
Is 40439879 composite?
False
Is 185502101 a composite number?
False
Is 32726273 a composite number?
False
Is 9270931 a prime number?
True
Is 538003 a composite number?
True
Is 591971921 composite?
False
Is 835578911 a composite number?
True
Is 523813 a prime number?
False
Is 27498937 prime?
True
Is 39530251 composite?
False
Is 3807983 a composite number?
True
Is 107683262 a prime number?
False
Is 1707647 composite?
False
Is 46636769 a composite number?
False
Is 8982097 composite?
True
Is 13797673 composite?
False
Is 12511271 a composite number?
False
Is 88688417 a composite number?
True
Is 6841011 prime?
False
Is 58885 composite?
True
Is 7486331 composite?
True
Is 2375261 composite?
True
Is 825319 a composite number?
True
Is 201561461 a composite number?
False
Is 55703551 prime?
True
Is 1053953 composite?
False
Is 374287 a prime number?
True
Is 44017291 a composite number?
True
Is 114512551 a composite number?
False
Is 947723 prime?
False
Is 33534947 composite?
True
Is 123694033 a composite number?
True
Is 264701929 composite?
False
Is 1263771269 a prime number?
True
Is 23339653 a prime number?
True
Is 288131749 a prime number?
False
Is 35481959 prime?
True
Is 125017069 a prime number?
True
Is 12500997 prime?
False
Is 6101729 composite?
False
Is 2727173 composite?
False
Is 39810